g) = 3*g**3 - g**2 + 4*g - 1. Is 9 a factor of m(v)?
True
Let b = -318 - -597. Is b a multiple of 9?
True
Let b = -1064 + 1674. Does 11 divide b?
False
Let a(m) = m**2 + 12*m + 40. Does 28 divide a(20)?
False
Suppose -132*b + 141*b = 1071. Is b a multiple of 8?
False
Let z = 29 - 20. Suppose z = -2*v + 5*v. Suppose -140 = -2*j - v*j. Is j a multiple of 7?
True
Let v = 6 - 0. Does 20 divide v*(-4)/((-16)/50)?
False
Suppose 3*d = 12, 3*d + 5984 = 3*s - d. Is s a multiple of 80?
True
Let u = -38 - -54. Suppose u = -3*w + 7*w. Does 27 divide 102 + 1 + w/(-2)?
False
Let x = 8 - 9. Let l(k) = -k - 1. Let h(z) = -18*z + 5. Let m(o) = h(o) + 4*l(o). Does 23 divide m(x)?
True
Suppose h + 0 = -0. Suppose 3*f + 72 - 396 = h. Is f a multiple of 12?
True
Suppose -8*j + 676 = -4*j. Suppose 4*s - 135 = j. Suppose -4*l = 5*c - s, -5*c + 6*l = 3*l - 83. Is 16 a factor of c?
True
Suppose 4*w = 2*h - 0*h + 724, -5*w + 3*h + 906 = 0. Is w a multiple of 39?
False
Suppose 50*k + 9072 = 54*k. Is 14 a factor of k?
True
Let h be -7 + (-221)/3 - (-2)/3. Let x = h - -118. Is x a multiple of 4?
False
Suppose -17356 + 4477 = -9*l. Does 9 divide l?
True
Suppose -30 = -2*b - 5*q, -4*b + 0*q = 4*q - 36. Suppose -d - b*w + 207 = 3*d, 300 = 5*d - 2*w. Does 39 divide d?
False
Let n = 1073 - 79. Does 71 divide n?
True
Let u(t) = -t**3 + 14*t**2 - 17*t + 15. Let c be u(12). Let h be 82/5 + 9/15. Suppose 4*p = h + c. Does 8 divide p?
False
Let i(j) = -j**2 - 13*j - 27. Let g be i(-6). Let n = 85 - g. Is 7 a factor of n?
True
Let y(v) = -5 - 2*v - 5 - 4 + 0*v. Let n be y(-11). Let a = n + 0. Is a a multiple of 8?
True
Does 19 divide 1368/20*(-70)/(-28)?
True
Suppose 5*a - 10*a = 225. Let q be (-2 - a) + -3 + 0. Suppose 130 = 5*m - 5*u, u = -2*m - 0*m + q. Does 14 divide m?
False
Let k(c) = c**3 + 5*c**2 + 5*c + 6. Let f be k(-4). Suppose -s - 5*i = s - 197, f*s - 196 = -4*i. Suppose -s = u - 3*u. Is 16 a factor of u?
True
Suppose 0 = -8*o - 18 + 178. Let s = 25 - o. Suppose -3*r = -s*r + 80. Is r a multiple of 8?
True
Let m(x) = x**3. Let d(r) = -6*r**3 - 12*r**2 + 4*r - 8. Let h(v) = -d(v) - 4*m(v). Is 16 a factor of h(-6)?
True
Let b = 33 - 29. Suppose -108 = -b*i + 8. Is 24 a factor of i?
False
Let z(d) = -2*d**3 - 6*d**2 + 13. Is 10 a factor of z(-4)?
False
Let j be (-18)/(-63) + (-729)/(-21). Let o be 4 - ((-2 - -1) + 3). Suppose -j = -o*k + 9. Is k a multiple of 9?
False
Let p be 7 + -6 - -1*87. Let x = -66 + p. Is x a multiple of 11?
True
Suppose 5*g - 2 = 8. Let v be ((-7)/(-21))/(g/30). Let m(i) = i + 7. Is m(v) a multiple of 5?
False
Suppose 38*h - 6*h = 42560. Is h a multiple of 70?
True
Suppose -7*g - 186 = -9*g. Does 4 divide g?
False
Let s = -37 - -40. Suppose 0 = -s*a - 0*a + 36. Is 3 a factor of a?
True
Suppose c - 23 = -5*x - 3, -4*c - 8 = -2*x. Does 16 divide 1*(c + -2 + 34)?
True
Let k(p) = 15*p + 27. Suppose -4*g + 8*g - 36 = 3*a, 4*g = a + 44. Let d be k(g). Suppose -3*f + d = 33. Is f a multiple of 17?
False
Let c be (-2)/(-13) - (-392)/(-13). Is 18 a factor of ((-184)/(-10))/((-6)/c)?
False
Let z = 27 - 2. Suppose -m + 0*m = z. Let x = -14 - m. Does 11 divide x?
True
Suppose -58*z = -63*z + 1330. Is z a multiple of 7?
True
Let v(w) = -10*w - 76. Is v(-45) a multiple of 60?
False
Let p(y) = -22 + 4*y + 4*y**2 - 2*y - 2*y. Is p(-6) a multiple of 28?
False
Let b(x) = 5*x**3 + 13*x**2 - 9*x + 9. Let o(l) = 11*l**3 + 27*l**2 - 19*l + 19. Let c(k) = 13*b(k) - 6*o(k). Does 3 divide c(6)?
True
Suppose 2890 = 3*y + 1246. Is 4 a factor of y?
True
Let g = -2123 - -3715. Is 23 a factor of g?
False
Let w(t) = 41*t**2 + t + 3. Let k be w(-3). Let q = -249 + k. Is 25 a factor of q?
False
Let m = -12 + 11. Let i be m - (0 - (-419)/(-1)). Does 14 divide (-1)/(-5) + i/10?
True
Let l(y) = 1453*y**3 + 3*y**2 - 5*y + 4. Is l(1) a multiple of 11?
False
Does 22 divide 4/(-26) - 2097*102/(-117)?
False
Suppose -5*z = d - 10, -4*d - 5 - 5 = -5*z. Suppose -5*c = y + y - 154, 0 = -2*c - y + 62. Suppose 170 = z*b + c. Does 14 divide b?
True
Suppose 0 = 2*z - 640 - 224. Is z a multiple of 54?
True
Let b = -558 + 822. Does 4 divide b?
True
Let p(s) = 3*s + 10. Let t = -26 + 19. Let u be p(t). Let c = u - -20. Does 4 divide c?
False
Let o be (-4)/(-3)*(-8)/((-224)/147). Suppose 138 + 277 = 2*f + p, 3*f - 5*p = 590. Suppose -2*b + o*b = f. Does 10 divide b?
False
Let h = 96 - 82. Suppose -444 = -h*q + 8*q. Does 18 divide q?
False
Suppose 2*l + 12 = 12. Suppose c + 5*b = 261, 3*b - 1327 = -5*c - l*b. Does 19 divide c?
True
Is 13 a factor of 6*(-134664)/(-224) + 1/(-14)?
False
Is 43 a factor of 12/66 - ((-4123)/11 - -1)?
False
Suppose 5*g - 117 = -5*f + g, 4*f - 78 = 2*g. Suppose 11*t - f = 111. Is 12 a factor of t?
True
Let z = 20 - 23. Let o(p) = -p**3 + 2*p**2 - 3*p - 1. Let c(i) = i**3 - 3*i**2 + 3*i + 2. Let n(m) = 4*c(m) + 5*o(m). Is n(z) a multiple of 7?
True
Let c be (-1 - -1)*(-1)/2. Suppose -3*t = -5*h - 150, c = -2*t - 0*h - 3*h + 81. Let y = t + -31. Is 7 a factor of y?
True
Suppose -4*p + p + 4*z + 1422 = 0, 5*p + 4*z - 2370 = 0. Does 108 divide p?
False
Let s(u) = -u**2 - 21*u - 6. Suppose -4*p + 63 = -13*p. Is 23 a factor of s(p)?
True
Let a be ((-15)/6 - -3)*-2. Let j be 0 - ((-26)/a + 4). Does 10 divide (56/10)/((-4)/j)?
False
Suppose 16852 = 167*h - 156*h. Is 13 a factor of h?
False
Suppose -5*v = -5*b - 3610, -b - 2162 = -3*v - 0*b. Is 30 a factor of v?
True
Suppose -23 - 2 = -5*g. Suppose -5*w = -3*a - 16, w + 0*w = -g*a - 8. Let b(n) = 5*n**2 - 4. Is 3 a factor of b(w)?
False
Let x be (-1596)/16 + 2/(-8). Is (6/15)/((-4)/x) a multiple of 5?
True
Let w(o) = 2*o**2 + 16*o - 40. Does 9 divide w(-13)?
True
Let q = 103 + -74. Let m(u) = -3 - q*u + 4 + 17*u. Does 12 divide m(-1)?
False
Suppose 3*c = -7*r + 4*r + 30, -4*c + 76 = -5*r. Let y = c - 11. Suppose -4*m - 5*p = -42, y*m - 12 = 3*p + 6. Is m even?
True
Let k be 2/(-1 + (-11)/(-9)). Let z(w) = -w**3 + w**2. Let d be z(2). Let v = k - d. Is 6 a factor of v?
False
Let q = 12 - 26. Let i be (4/14)/((-1)/q). Suppose -16 = -c + i. Is 10 a factor of c?
True
Suppose -5*c = 4*f - 97, -3*f - f + 2*c = -118. Is 28 a factor of f?
True
Let l(j) = -3*j - 7*j + 3*j - 2. Let r be -3*(-1)/(3 + -4). Is l(r) a multiple of 19?
True
Suppose 5*d + 0*d = 0. Suppose d = -t - 0*t + 49. Suppose 0 = 3*m - 2*m - t. Is 17 a factor of m?
False
Let q be (1 - -6) + -4 + -2. Is 31 a factor of (31/3)/((-3)/(-10 + q))?
True
Let q(s) = 33*s**2 - 248*s - 21. Is q(9) a multiple of 10?
True
Suppose 2*n + 2 = 0, -s - 3*n = -2*n - 415. Does 64 divide s?
False
Suppose -110 = 3*c + 58. Let h = c - -94. Is h a multiple of 7?
False
Let n = 92 - 98. Let p(m) = -m**3 + 24*m - 8. Is p(n) a multiple of 11?
False
Let u(q) = q**2 - 17*q + 33. Let f be u(15). Suppose 2*z - 5*x - 166 = 0, 4*x = z + f*z - 332. Does 8 divide z?
False
Is 51 a factor of 7 - (-475)/(6 - 1)?
True
Let b(w) = w**2 + 12*w + 13. Let a be b(-11). Let s be 3/a*156/9. Is -65*(s/10 + -3) a multiple of 7?
False
Let i(t) = -t**3 - 8*t**2 - 4*t + 13. Let c be i(-8). Suppose -c = -0*y - y. Is 9 a factor of y?
True
Suppose 25*t - 1104 = 22*t. Suppose -5*q + t = 58. Is q a multiple of 14?
False
Suppose l + 2*l = 3*m - 429, 0 = -l - 5. Is 23 a factor of m?
True
Suppose 4*s - 18 - 80 = -2*b, b - 4*s = 31. Let q be (-147)/9*1*-3. Let p = q + b. Is p a multiple of 23?
True
Suppose 9 = 2*d + 3. Suppose j + 3*t - 8 = 5*t, 0 = j - d*t - 10. Suppose 153 = 5*r - 0*r - 2*b, 0 = -j*r - 4*b + 100. Does 17 divide r?
False
Let i = 629 - -145. Is i a multiple of 18?
True
Suppose 5*z - 11 - 15 = 2*l, 0 = -z + l + 7. Let k(o) = 2*o. Let t(j) = 7*j - 1. Let c(s) = 9*k(s) - 2*t(s). Is 18 a factor of c(z)?
True
Suppose 4*m - 58 = -9*k + 4*k, -2*k = 5*m - 81. Let h be m - 1*(-2 + -1). Let i = 25 - h. Does 2 divide i?
False
Suppose 4*r - y - 602 = y, -3*y - 153 = -r. Suppose -2*x = 4*s - 92, -5*x = -2*x + 3*s - r. Suppose 0 = 5*d - 31 - x. Is 17 a factor of d?
True
Let u(w) = 13*w**3 - w. Let r be u(-1). Is 308/3 - r/9 a multiple of 26?
True
Let q = 142 + -62. Let p = -44 + q. Is p a multiple of 11?
False
Let v(a) = 2*a**3 + 7*a**2 - 7. Let j(o) = -o + 7*o**2 - 7 + 0*o**3 - 7*o**3 + 9*o**3. Let f(d) = 4*j(d) - 5*v(d). Is f(-5) a multiple of 34?
True
Suppose 5*x = 10*x - 25. Suppose x*p + 2 + 13 = 0. Does 12 divide (p - 0) + 2